{"id":112,"date":"2020-04-09T21:19:44","date_gmt":"2020-04-09T19:19:44","guid":{"rendered":"http:\/\/wastell.at\/?page_id=112"},"modified":"2023-02-14T10:44:29","modified_gmt":"2023-02-14T09:44:29","slug":"branchen","status":"publish","type":"page","link":"https:\/\/wastell.at\/?page_id=112","title":{"rendered":"Branchen"},"content":{"rendered":"\n<p>Hier sehen Sie einige Beispiele unserer in der Praxis bew\u00e4hrten L\u00f6sungen f\u00fcr spezielle Branchen. Im pers\u00f6nlichen Gespr\u00e4ch nennen wir Ihnen auch gerne konkrete Referenzen.<\/p>\n\n\n\n<p><strong>Kommunikationsseminare f\u00fcr Techniker<\/strong>,<br>die beim Kunden t\u00e4tig sind und mit beratungsintensiven Produkten zu tun haben (Servicetechniker, Messtechniker, Kundendienst, Monteure, etc.).<\/p>\n\n\n\n<p><\/p>\n","protected":false},"excerpt":{"rendered":"<p>Hier sehen Sie einige Beispiele unserer in der Praxis bew\u00e4hrten L\u00f6sungen f\u00fcr spezielle Branchen. Im pers\u00f6nlichen Gespr\u00e4ch nennen wir Ihnen auch gerne konkrete Referenzen. Kommunikationsseminare f\u00fcr Techniker,die beim Kunden t\u00e4tig sind und mit beratungsintensiven Produkten zu tun haben (Servicetechniker, Messtechniker, &hellip; <a href=\"https:\/\/wastell.at\/?page_id=112\">Weiterlesen <span class=\"meta-nav\">&rarr;<\/span><\/a><\/p>\n","protected":false},"author":1,"featured_media":0,"parent":0,"menu_order":0,"comment_status":"closed","ping_status":"closed","template":"","meta":{"footnotes":""},"_links":{"self":[{"href":"https:\/\/wastell.at\/index.php?rest_route=\/wp\/v2\/pages\/112"}],"collection":[{"href":"https:\/\/wastell.at\/index.php?rest_route=\/wp\/v2\/pages"}],"about":[{"href":"https:\/\/wastell.at\/index.php?rest_route=\/wp\/v2\/types\/page"}],"author":[{"embeddable":true,"href":"https:\/\/wastell.at\/index.php?rest_route=\/wp\/v2\/users\/1"}],"replies":[{"embeddable":true,"href":"https:\/\/wastell.at\/index.php?rest_route=%2Fwp%2Fv2%2Fcomments&post=112"}],"version-history":[{"count":2,"href":"https:\/\/wastell.at\/index.php?rest_route=\/wp\/v2\/pages\/112\/revisions"}],"predecessor-version":[{"id":205,"href":"https:\/\/wastell.at\/index.php?rest_route=\/wp\/v2\/pages\/112\/revisions\/205"}],"wp:attachment":[{"href":"https:\/\/wastell.at\/index.php?rest_route=%2Fwp%2Fv2%2Fmedia&parent=112"}],"curies":[{"name":"wp","href":"https:\/\/api.w.org\/{rel}","templated":true}]}}